 (-16)/(-12)*(-3)/2. Let s(b) be the second derivative of b**2 + 2/3*b**3 + 0 - b. Determine s(j).
-6
Let n(x) = -2*x - 7. Let s be n(0). Let q(u) = -u**3 - 7*u**2 - 8. Give q(s).
-8
Suppose -3*x + 12 = 9. Let m(z) = 7*z**3 - z**2 - z + 1. Give m(x).
6
Let j(p) = p + 9. Let b be (-4)/1 + (-13 - -10). Calculate j(b).
2
Let l(f) = 3*f**3 + 3*f**2. Let q = 16 + -8. Let g = q - 10. Calculate l(g).
-12
Let k(z) = -3*z**2 + 1. Let o be 10/35 - (-10)/14. Suppose -5*m - n + o = 0, 2*n + 16 = -2*n. Calculate k(m).
-2
Suppose 12 = 6*m - 3*m. Suppose -m*p + 13 = 5. Let a(s) = -s**2 + p - 4*s + 0*s**2 + 2*s**2. Give a(3).
-1
Let u(r) = 3 - r**3 + 4*r + 4*r**2 - 6*r + 3*r. Calculate u(4).
7
Let o(m) = -m**2 + 5. Let n = -1 - -5. Let k be (1 + -1)/(6 - n). Determine o(k).
5
Let o(y) = 1 - 316*y + 640*y - 319*y. Determine o(3).
16
Let u(a) = 5*a - 1. Let b(w) be the third derivative of w**5/60 - 5*w**4/12 + 3*w**3/2 - w**2. Let n be b(8). Let t = n + 6. What is u(t)?
-6
Let s(x) = x + 12. Let y(t) = -1. Let c(o) = s(o) + 3*y(o). Calculate c(-5).
4
Let s be (4/(-6))/((-2)/3). Let z(y) = -4*y - s + y - 6 + y. Let m = -28 + 22. Calculate z(m).
5
Let x = 4 - -1. Suppose 5*t + x + 5 = 0. Let w(n) = n**2 - n - 2. Determine w(t).
4
Let d(s) = -s**2 - 2*s + 1. Let c(x) = x**3 + 11*x**2 + 9*x - 13. Let p be c(-10). Calculate d(p).
-2
Let x = 0 - -10. Let i be (-57)/(-15) + 2/x. Let f(h) = 1 - 2*h**2 + 0*h**3 - 2*h**3 + 2*h**3 - i*h**3. Determine f(1).
-5
Let u(z) = -2 - 6*z + 0 + 3*z + 4*z. Suppose -8 - 8 = 4*j. Calculate u(j).
-6
Let c(p) = 2*p - 1. Suppose -6 = 2*z - 10. Determine c(z).
3
Let k(u) be the second derivative of -5*u**3/6 - u**2/2 + 25*u. What is k(1)?
-6
Let t(r) = -r**3 - 20*r**2 - r - 14. Let u be t(-20). Let o(v) = -v**2 + 5*v + 6. Calculate o(u).
0
Let f(g) = -g**3 + 5*g**2 + 5*g + 4. Let x = -40 - -46. What is f(x)?
-2
Let o = -3 + 3. Let a(n) = -n**2 - 1. Give a(o).
-1
Let t(z) = -3*z - 13. Suppose 2*d - 7*d - 30 = 0. Give t(d).
5
Let t(g) = -2*g**3 + 11*g**2 - 11*g + 5. Let n(y) = -3*y**3 + 12*y**2 - 12*y + 5. Let s(v) = -3*n(v) + 4*t(v). Determine s(-9).
-4
Suppose 4*y + 4 + 8 = 0. Let m(r) = 5*r**2 + 5*r - 3. Let x(u) = 6*u**2 + 6*u - 3. Let t(k) = 5*m(k) - 4*x(k). Give t(y).
3
Let h(r) = r - 4. Suppose 2*y - 45 = -y. Suppose 2*x = -x + y. Determine h(x).
1
Let v be -1*2 - (-14 - -9). Let t(l) = l**2 - 2*l + 4. Calculate t(v).
7
Let z(d) = d**2 - 2*d + 1. Let u(p) = 4*p + 2. Let o(a) = a**2 + 9*a + 3. Let x(r) = 2*o(r) - 5*u(r). Let w be x(3). Let y = w - 5. What is z(y)?
4
Let m(f) = -f - 17. Let z be m(-13). Let k(l) = l**2 + 4*l + 2. Determine k(z).
2
Let d(f) = f**3 - f - 3*f + 6*f - 3*f**2. Calculate d(2).
0
Let l(j) = -6*j**3 - 2*j**2 + j. Let q(x) = 2*x + 9. Let k be q(-7). Let c = k - -7. Suppose -s = s - c. What is l(s)?
-7
Let x be (1 + 1 - -1)/(11/11). Let a(v) be the third derivative of 1/30*v**6 + 0 - v**2 + 0*v - 1/6*v**x - 1/24*v**4 + 0*v**5. Determine a(-1).
-4
Let m(s) = -11*s**2 + 8*s - 1. Let i(t) = 10*t**2 - 7*t + 1. Let y(z) = 6*i(z) + 5*m(z). Give y(1).
4
Let d(z) be the second derivative of z**8/6720 + z**7/504 + z**6/180 + z**5/20 - z**4/6 + z. Let x(s) be the third derivative of d(s). Calculate x(-4).
6
Let h(b) = -2*b + 2. Let a(r) = -3*r**3 - 6*r**2 - 9*r - 5. Let z(x) = -4*x**3 - 9*x**2 - 13*x - 8. Let g(t) = 7*a(t) - 5*z(t). Let q be g(4). Determine h(q).
8
Let i(u) = u**2 + 7*u + 6. Let p = 21 + -25. Give i(p).
-6
Let r(a) = -a**2 + a. Let q(w) = -30*w**2 + 24*w. Suppose 0 = -3*u + t + 66 + 2, 60 = 2*u + 3*t. Let v(l) = u*r(l) - q(l). Calculate v(1).
6
Suppose -2 = -m + 1. Let l(u) = 3*u**2 - 4*u. Let k(j) = -2*j**2 + 3*j. Let g(c) = m*l(c) + 4*k(c). What is g(2)?
4
Let w(x) = x**2 + x - 4. Let t(r) = -2*r**2 - r + 8. Let d(a) = 4*t(a) + 7*w(a). Give d(-3).
-14
Let a(c) be the third derivative of c**5/60 + c**4/4 - c**3/3 - 2*c**2 + 3. Suppose -5*y - 33 = -3*o, 2*y + 11 = -0*o - o. Determine a(y).
-2
Let j(u) be the first derivative of -u**3/3 + 3*u**2 - 3*u + 1. Calculate j(6).
-3
Let n(c) = -3*c - 6. Let t(d) = -d**2. Let f be t(-2). Determine n(f).
6
Let p = 27 + -21. Let q(l) = -l**3 + 6*l**2 + 5*l - 3. What is q(p)?
27
Let b = 11 - 11. Let i(w) = w**3 + w**2 + 6. Give i(b).
6
Let r(k) = 4*k - 1. Let u(n) = -16*n + 4. Let q(m) = -9*r(m) - 2*u(m). Determine q(3).
-11
Let h(n) = n**3 - n + 1. Let k be h(-2). Let o(y) = -y**3 - 7*y**2 - y - 3. Let z be o(-7). Let i(v) = -v - 3*v + v + 7 + z*v. Calculate i(k).
2
Let q(n) = -4*n + 5. Let b be q(-6). Suppose -5*v = 2*r + 6 + b, 0 = -5*v - 5*r - 50. Let d(i) = -i**3 - 6*i**2 - 7*i - 4. Determine d(v).
6
Let j be 19/(-3) - 3/(-9). Let d = 4 + j. Let b(n) = -9*n**2 + 4*n - 4. Let g(s) = s**2 - s + 1. Let i(a) = -b(a) - 6*g(a). What is i(d)?
6
Let w(p) be the first derivative of -1/3*p**3 + 5 - 1/2*p**2 + p. Give w(-1).
1
Suppose 0 = -c - 3, 29 = -3*x + x + c. Let r = -13 - x. Let o(g) be the first derivative of -g**3/3 + g**2 + 2*g + 1. Determine o(r).
-1
Let m(b) = 6*b**3 + b. Let f be (-15)/6*(-4)/5. Let q be (-1)/(0 - f - -1). Calculate m(q).
7
Let v(f) = 3 - 2 - 2*f**2 - 4*f + 3*f**2. Determine v(3).
-2
Let j(m) = 4*m - 74 + 73 + 9*m. Give j(1).
12
Let y(n) = -9*n**3 - 4 - 5*n + 4*n**3 + 4*n**3 - 4*n**2. Let q(z) = z**2 - 3. Let a(v) = -v + 7. Let h be a(7). Let i be q(h). Determine y(i).
2
Let d = -2 + 2. Suppose d = 2*l - 4*l + 4. Let i(m) = m**2 - 2*m + 2. What is i(l)?
2
Let q(s) = -8*s + 11. Let a(l) = 6 - 7*l - 5 + 9. Let u(g) = -7*a(g) + 6*q(g). What is u(5)?
1
Suppose j - 2*o = 14, 3*j - 2*o = -o + 17. Let f(m) = -m**2 + 0*m - 6 + 3*m + 4*m. Give f(j).
6
Suppose -y - 54 = -4*y. Let v be (2 + 2)*y/(-12). Let s(b) = 2*b + 4. Give s(v).
-8
Let y(b) = b - 1. Let g(q) = -3*q**3. Let n be (8/(-3))/(4/(-6)). Let h = -3 + n. Let l be g(h). Determine y(l).
-4
Let p(v) = -v + 6. Let h = -15 + 37. Let j = h + -17. Calculate p(j).
1
Let i(x) be the second derivative of x**5/20 - x**4/4 - x**3/2 - 3*x**2/2 - 5*x. Calculate i(4).
1
Let y(d) = d**2 - 8*d + 2. Let i be ((-4)/1)/((-6)/9). Give y(i).
-10
Let z = 114 + -111. Let s(h) = h**3 - 2*h**2 - 2*h - 1. What is s(z)?
2
Let s(q) = q**3 + 3*q**2 + 4. Let r be s(-3). Let a be -5*2*(-2)/r. Let o(x) = -x + 11. What is o(a)?
6
Suppose 2*r + 3 = -r. Let j(v) = 4*v - 5. Let h(l) = -2*l + 3. Let t = 9 - 6. Let w(g) = t*j(g) + 5*h(g). What is w(r)?
-2
Let g(b) = b. Let a(h) = h**3 + 2. Let q be a(-2). Let m(k) = -k**2 + 3*k - 1. Let z(r) = q*g(r) + m(r). What is z(-5)?
-11
Let n = -6 - -9. Let z = -11 - -13. Let h(a) = a - 4 + a - a**2 + 0*a + a**3 - 2*a**z. Calculate h(n).
2
Suppose 3*m + 0 - 12 = 0. Let s(i) be the first derivative of -m*i - 1 - 1/2*i**2. What is s(-3)?
-1
Let q = 59 + -62. Let u(w) = 2*w**2 + w + w - w**2. Give u(q).
3
Let l(o) = 2*o + 3*o**3 - 2 + 0*o - 2*o**3 + 5*o**2. What is l(-5)?
-12
Let u(z) = 3*z + 1. Let m be u(-4). Let r be m/(-5) + (-2)/10. Let o(y) = -r*y + 2*y**2 - 4*y**2 - 1 + y**3 + 5. Determine o(3).
7
Let r(g) = 3*g**3 - 5*g**2 + 2*g**3 - 2 - 3*g - 4*g**3. Give r(6).
16
Let u(c) be the third derivative of 0 + 1/24*c**4 + 0*c - 1/3*c**3 - 11*c**2. Let q(x) = x**2 - 4*x + 3. Let b be q(4). Give u(b).
1
Let d(r) be the second derivative of -r**8/6720 - r**7/420 + r**4/12 - 2*r. Let p(t) be the third derivative of d(t). Let l = 12 + -18. Give p(l).
0
Suppose 2*u = -2*u. Let l(b) = b - 1 - 2*b + u. Let d(t) = t**3 + 4*t**2 - 6*t - 4. Let f be d(-5). Give l(f).
-2
Let j(r) = r**2. Let h(v) = v**2 + v + 1. Let w(o) = h(o) - 6*j(o). Let k = -1 - 0. Give w(k).
-5
Let a(v) = -v**2 + 3*v + 7. Suppose 31 = 3*s + 5*w + 1, 0 = -3*s - 4*w + 27. Let n be a(s). Let u(h) = -h**2 - 4*h + 3. Calculate u(n).
6
Let y(u) = u**2 + 7*u + 6. Suppose 0 = -3*t + 10 - 31. Let i = t - -14. Suppose i - 2 = -m. Give y(m).
-4
Let u(s) be the third derivative of -s**5/60 - 5*s**4/12 - 5*s**3/3 + 23*s**2. Give u(-9).
-1
Let k(i) be the third derivative of -1/12*i**4 + 0 + 0*i + 4*i**2 - 2/3*i**3. Let m(q) = q**2 + 5*q + 2. Let g be m(-3). Determine k(g).
4
Let j = -19 + 33. Suppose 2*g = -4*a - a + j, -g = -3*a + 15. Let v(t) = t**3 + 5*t**2 + 4*t + 3. Calculate v(g).
9
Let l(g) = g - 2*g + 1 + 0. Let q be l(-3). Let h(f) = f**2 + 4*f + 5 - 3*f - 8*f. What is h(q)?
-7
Let t(g) = 3*g**2 - 28*g + 15. Let c(j) = -2*j**2 + 1